 r**3 - 29*r**2 - 29*r - 59. Determine a(30).
-29
Let b(k) = -69*k + 727. What is b(10)?
37
Let j(q) = 223*q + 2010. Determine j(-9).
3
Let f(y) = 2*y**2 - 19*y - 7. Determine f(12).
53
Let i(c) = -180*c**3 - 2*c**2 + 7*c - 6. Give i(1).
-181
Let x(p) = 2*p**2 + 30*p + 88. Calculate x(-8).
-24
Let u(n) = -228*n - 3. Give u(1).
-231
Let x(q) = 1916*q - 6. Give x(0).
-6
Let m(d) = 807*d + 596. Give m(-1).
-211
Let p(d) = 4*d**3 + 26*d**2 + 36*d + 24. Calculate p(-5).
-6
Let f(g) = -10959*g - 21921. What is f(-2)?
-3
Let g(f) = -32*f**2 - 1858*f - 114. What is g(-58)?
2
Let a(i) = -15*i + 115. Calculate a(-18).
385
Let x(h) = -h**2 - 25*h - 90. What is x(-6)?
24
Let n(a) = a**3 + 32*a**2 + 28*a - 4. Calculate n(-31).
89
Let g(f) = 6387*f - 38307. Calculate g(6).
15
Let t(z) = z**3 - 23*z**2 - 692*z + 480. Calculate t(40).
0
Let g(n) = -n**2 - 20*n + 1410. Give g(-49).
-11
Let q(c) = 31*c**2 - 3774*c - 983. Give q(122).
-7
Let h(c) = c**3 + 42*c**2 + 291*c - 181. What is h(-33)?
17
Let a(h) = 12*h + 31. Give a(-5).
-29
Let q(z) = -z**3 + 33*z**2 - 267*z - 97. Determine q(15).
-52
Let l(g) = 3*g**2 + 273*g - 550. Give l(2).
8
Let v(m) = 8*m**2 + 162*m + 98. Give v(-20).
58
Let u(s) = 6*s**2 - 42*s + 14. Calculate u(9).
122
Let j(s) = 2*s**2 - 17*s - 227. What is j(20)?
233
Let q(b) = 199*b - 19961. Determine q(100).
-61
Let a(w) = -w**2 + 117*w - 3061. Give a(39).
-19
Let r(w) = -6*w**2 + 65*w - 4. Determine r(6).
170
Let n(w) = 229*w + 48083. Calculate n(-210).
-7
Let r(z) = 33*z + 1406. Give r(-42).
20
Let d(u) = 28*u - 130. Determine d(-6).
-298
Let t(g) = -2*g**3 + 16*g**2 - 39*g + 14. Give t(5).
-31
Let u(z) = z**2 - 13*z - 2. Calculate u(13).
-2
Let v(h) = 2*h**3 - 90*h**2 - 87*h - 180. Give v(46).
50
Let r(c) = c**2 + 66*c + 1081. Calculate r(-34).
-7
Let y(w) = -23*w - 1155. Give y(-54).
87
Let j(r) = 14534*r + 87194. What is j(-6)?
-10
Let p(i) = -50*i + 1130. Determine p(23).
-20
Let a(n) = n**3 + 44*n**2 + 42*n - 68. What is a(-43)?
-25
Let r(w) = 3*w**2 + 9*w - 35. Calculate r(-5).
-5
Let m(y) = y**3 - 21*y**2 - 592*y + 6. Calculate m(-16).
6
Let k(b) = -6*b - 18. What is k(14)?
-102
Let w(a) = 2*a**2 + 321*a - 6210. Calculate w(-178).
20
Let z(s) = s**3 + 12*s**2 + 8*s - 32. Calculate z(-6).
136
Let u(r) = 44*r - 45. Calculate u(3).
87
Let f(s) = 79*s**2 - 735*s - 9. Give f(9).
-225
Let l(t) = 7*t**2 + 27*t + 2. Determine l(-7).
156
Let p(k) = 108*k + 14161. What is p(-131)?
13
Let o(n) = -458*n + 6770. What is o(15)?
-100
Let b(a) = 3320*a + 29903. What is b(-9)?
23
Let f(m) = -m**3 + 54*m**2 - 105*m - 28. Determine f(52).
-80
Let b(f) = 2*f**2 + 99*f + 12. Calculate b(-49).
-37
Let u(x) = x**2 - 49*x - 4654. Give u(-48).
2
Let v(a) = 8*a**2 + 7*a - 123. Determine v(9).
588
Let h(g) = -15*g**3 - 179*g**2 + 3*g - 126. Calculate h(-12).
-18
Let i(g) = 22*g**3 - 10*g**2 + 5*g - 3. Calculate i(2).
143
Let o(y) = 130*y - 1034. Give o(8).
6
Let o(g) = -g**3 - 122*g + 672. Calculate o(5).
-63
Let b(m) = 2*m**3 - 30*m**2 - 73*m - 43. Give b(17).
-128
Let f(a) = -13*a**2 + 60*a + 31. What is f(5)?
6
Let k(f) = -f**2 + 192*f - 7200. Give k(141).
-9
Let x(d) = 179*d + 169. Calculate x(-1).
-10
Let o(r) = 2*r**3 - 5*r**2 + 6*r + 1. Determine o(3).
28
Let p(y) = -201*y + 21257. What is p(106)?
-49
Let t(z) = z**3 - 7*z**2 - 18*z - 6. Determine t(9).
-6
Let m(p) = 6*p**2 - 344*p + 2913. Determine m(47).
-1
Let f(h) = 95*h + 579. Give f(-6).
9
Let g(i) = -4*i**3 - 152*i**2 - 2*i - 105. Give g(-38).
-29
Let m(t) = 73*t - 377. Give m(4).
-85
Let a(z) = -13*z**3 - 24*z + 24. Determine a(1).
-13
Let k(t) = 46*t + 80. Calculate k(-2).
-12
Let z(c) = c**2 - 3*c - 122. Calculate z(-13).
86
Let h(i) = -i**3 + 24*i**2 + 179*i - 83. Determine h(30).
-113
Let b(r) = 19*r - 289. What is b(17)?
34
Let n(x) = 22*x + 131. What is n(-26)?
-441
Let p(s) = -8344*s + 33381. Give p(4).
5
Let y(i) = 69*i - 3234. What is y(47)?
9
Let x(l) = -506*l + 1014. What is x(2)?
2
Let b(n) = -138*n**2 - 17*n + 8. What is b(2)?
-578
Let u(k) = k**2 - 34*k - 828. Calculate u(-12).
-276
Let q(z) = z**3 - 58*z**2 + 360*z - 139. Give q(51).
14
Let b(s) = s**3 - 2*s**2 - 38*s + 3. Calculate b(7).
-18
Let j(w) = 2*w**2 - 5*w - 21. Calculate j(8).
67
Let x(v) = v**2 - 175*v + 3276. What is x(21)?
42
Let i(o) = 7*o**2 - 14*o - 10. Calculate i(3).
11
Let z(k) = 119*k - 74. Determine z(-9).
-1145
Let v(n) = 2*n**2 - 26*n - 103. Determine v(15).
-43
Let g(h) = 129*h + 264. Determine g(-2).
6
Let d(a) = -784*a + 3910. Calculate d(5).
-10
Let g(h) = h**2 + 50*h + 120. Calculate g(-48).
24
Let c(a) = a**2 - 137*a + 1830. Determine c(15).
0
Let k(g) = 7*g**2 + 125*g - 6. Determine k(-18).
12
Let d(a) = 8*a + 459. What is d(-63)?
-45
Let u(o) = -405*o**2 - 7696*o - 20. Determine u(-19).
-1
Let d(l) = l**2 + 66*l + 539. Give d(-9).
26
Let r(w) = 38*w**2 + 99*w. Give r(-3).
45
Let h(b) = b**2 - 154*b + 3469. Calculate h(27).
40
Let o(r) = r**2 + 121*r + 1503. Determine o(-107).
5
Let t(g) = -16*g**2 - 9*g + 1102. Determine t(8).
6
Let l(x) = 47*x + 92. What is l(4)?
280
Let u(m) = m**2 - 82*m + 40. Give u(82).
40
Let f(y) = 8*y - 1032. Determine f(112).
-136
Let c(t) = 36*t - 668. What is c(35)?
592
Let s(z) = 100*z - 1800. Calculate s(19).
100
Let n(x) = 162*x - 1281. Calculate n(8).
15
Let p(k) = -k**2 + 60*k + 1321. Calculate p(78).
-83
Let q(o) = o**3 + o**2 - 6*o + 30. Give q(-4).
6
Let m(y) = 2468*y + 14815. What is m(-6)?
7
Let p(y) = -4*y**3 - 86*y**2 - 38*y - 50. Calculate p(-21).
-134
Let m(v) = -10*v**2 + 149*v + 17. Calculate m(16).
-159
Let t(f) = -f**3 + 13*f**2 + 12*f + 26. Calculate t(14).
-2
Let o(j) = -2*j**3 + 13*j**2 - j - 12. What is o(0)?
-12
Let v(y) = 7*y**2 - 26*y + 3. Determine v(4).
11
Let z(n) = -167*n + 815. Determine z(5).
-20
Let f(s) = -9*s + 208. Determine f(23).
1
Let t(m) = 6*m**3 - 6*m**2 + 18*m - 30. Give t(3).
132
Let g(x) = -2*x**2 + 9*x + 99. Give g(-5).
4
Let r(o) = -84*o + 172. Calculate r(2).
4
Let t(o) = -o**2 + 2*o + 19. What is t(-14)?
-205
Let m(s) = -16*s**2 - 472*s - 1966. Give m(-5).
-6
Let s(c) = -193*c + 18133. What is s(94)?
-9
Let s(t) = 116*t - 2082. Determine s(18).
6
Let o(l) = -l**3 - 10*l**2 - 44*l - 155. Determine o(-7).
6
Let c(o) = o**2 - 158*o + 3348. Calculate c(26).
-84
Let y(h) = 30*h + 473. Calculate y(-19).
-97
Let f(z) = -95*z - 476. Give f(-5).
-1
Let i(l) = -l**2 - 7822*l + 39105. Give i(5).
-30
Let k(n) = n**2 + 13*n - 222. Calculate k(-22).
-24
Let w(q) = -11*q**2 + 96*q + 137. Give w(10).
-3
Let r(k) = k**2 - 485*k - 2952. Determine r(-6).
-6
Let s(h) = 195*h + 7799. What is s(-40)?
-1
Let l(d) = -11*d**2 - 21*d + 3. Calculate l(-2).
1
Let p(z) = -221*z**3 - 3*z**2 + z + 4. Calculate p(-1).
221
Let h(d) = -6*d**3 - 12*d**2 - 2*d + 4. Calculate h(-3).
64
Let j(f) = 6*f**3 - 70*f**2 + 11*f + 52. What is j(12)?
472
Let c(z) = 16*z**2 - 194*z + 1. What is c(13)?
183
Let i(g) = 18543*g - 92706. What is i(5)?
9
Let d(q) = -17054*q - 102326. Give d(-6).
-2
Let x(n) = n**2 - 33*n - 715. Give x(47).
-57
Let w(t) = 2*t**3 + 2*t**2 + 73*t - 74. Determine w(1).
3
Let u(r) = -2*r**2 - 106*r + 4. Give u(-50).
304
Let i(s) = -8*s**3 - 4*s**2 - 6*s - 3. Calculate i(-1).
7
Let f(z) = z**3 - 14*z**2 - 64*z - 53. Give f(16).
-565
Let q(w) = -w**2 + 316*w - 3592. What is q(12)?
56
Let i(q) = 11*q**2 + 8*q - 47. What is i(5)?
268
Let u(n) = n**2 + 67*n - 4273. What is u(-107)?
7
Let j(k) = -37*k**2 - 22*k - 20. Determine j(-1).
-35
Let p(i) = -3*i**2 + 388*i + 6341. Give p(144).
5
Let j(n) = -3*n**3 + 22*n**2 + 10*n. What is j(8)?
-48
Let w(h) = 2*h**2 + 51*h - 460. Give w(11).
343
Let y(o) = -23*o**3 - 139*o**2 - o + 37. Calculate y(-6).
7
Let j(g) = 142*g + 664. What is j(-6)?
-188
Let m(u) = 17314*u + 103882. Calculate m(-6).
-2
Let z(m) = -197*m + 521. Give z(3).
-70
Let i(v) = 6*v**2 - 280*v - 99. Determine i(47).
-5
Let n(x) = -39*x**2 - 255*x - 50. Determine n(-6).
76
Let q(m) = 13*m**3 + 5*m**2 + 4*m - 3. Determine q(1).
19
Let v(z) = z**3 + 3*z**2 - 66*z + 28. Determine v(-10).
-12
Let f(w) = -2*w**3 + 45*w**2 + 35*w - 274. Give f(23).
2
Let v(m) = 9*m**2 - 66*m + 3. What is v(0)?
3
Let y(u) = u**3 + 4*u**2 + 674*u + 2681. Calculate y(-4).
-15
Let u(r) = 34*r - 332. Give u(10).
8
Let w(g) = g**3 - 2*g**2 + 5*g - 176. What is w(6)?
-2